{"id":245,"date":"2024-04-03T06:45:03","date_gmt":"2024-04-03T06:45:03","guid":{"rendered":"https:\/\/lavantgarde.ch\/?page_id=245"},"modified":"2024-05-29T07:38:40","modified_gmt":"2024-05-29T07:38:40","slug":"125eme-anniversaire-de-notre-societe","status":"publish","type":"page","link":"https:\/\/lavantgarde.ch\/?page_id=245","title":{"rendered":"125\u00e8me anniversaire de L&rsquo;Avant-Garde"},"content":{"rendered":"\n<p class=\"has-text-align-center has-vivid-red-color has-text-color has-link-color has-medium-font-size wp-elements-574f6cae1e390779d2b4d7763b6b4873 wp-block-paragraph\"><strong>MERCI A TOUS POUR VOTRE PARTICIPATION, POUR VOTRE PRESENCE ! VIVE LE TIR, VIVE L&rsquo;AVANT-GARDE !!! <\/strong><\/p>\n\n\n\n<p class=\"wp-block-paragraph\">Comme vous pouvez le lire en titre, notre ch\u00e8re Avant-Garde f\u00eate ses 125 ans cette ann\u00e9e ! Quel joie d&rsquo;\u00eatre toujours pr\u00e9sents apr\u00e8s 125 ans !! <\/p>\n\n\n\n<p class=\"wp-block-paragraph\">La soci\u00e9t\u00e9 organise une journ\u00e9e toute sp\u00e9ciale pour cette occasion ! Une journ\u00e9e qui se veut familiale. Ouvert \u00e0 tous, les membres de la soci\u00e9t\u00e9 vous accueilleront avec le sourire dans notre beau stand de tir !<\/p>\n\n\n\n<p class=\"wp-block-paragraph\">Des activit\u00e9s seront pr\u00e9vues pour les petits. Les grands, quant \u00e0 eux, pourront s&rsquo;essayer au tir, accompagn\u00e9 et aid\u00e9 par nos experts ! <\/p>\n\n\n\n<p class=\"wp-block-paragraph\">Pour toute information, les membres de la soci\u00e9t\u00e9 restent \u00e0 votre disposition ! <\/p>\n\n\n\n<figure class=\"wp-block-image size-large\"><img loading=\"lazy\" decoding=\"async\" width=\"724\" height=\"1024\" src=\"https:\/\/lavantgarde.ch\/wp-content\/uploads\/2024\/04\/125eme-Avant-Garde-2-724x1024.jpg\" alt=\"\" class=\"wp-image-258\" srcset=\"https:\/\/lavantgarde.ch\/wp-content\/uploads\/2024\/04\/125eme-Avant-Garde-2-724x1024.jpg 724w, https:\/\/lavantgarde.ch\/wp-content\/uploads\/2024\/04\/125eme-Avant-Garde-2-212x300.jpg 212w, https:\/\/lavantgarde.ch\/wp-content\/uploads\/2024\/04\/125eme-Avant-Garde-2-768x1086.jpg 768w, https:\/\/lavantgarde.ch\/wp-content\/uploads\/2024\/04\/125eme-Avant-Garde-2-1086x1536.jpg 1086w, https:\/\/lavantgarde.ch\/wp-content\/uploads\/2024\/04\/125eme-Avant-Garde-2.jpg 1131w\" sizes=\"auto, (max-width: 724px) 100vw, 724px\" \/><\/figure>\n\n\n\n<p class=\"has-text-align-center has-vivid-red-color has-text-color has-link-color has-large-font-size wp-elements-7c53b78247adbea44b680c907e4d928f wp-block-paragraph\"><a href=\"https:\/\/lavantgarde.ch\/wp-content\/uploads\/2024\/04\/125eme-de-lAvant-Garde.pdf\" data-type=\"attachment\" data-id=\"249\">Vous pouvez t\u00e9l\u00e9charger le flyer ici<\/a><\/p>\n","protected":false},"excerpt":{"rendered":"<p>MERCI A TOUS POUR VOTRE PARTICIPATION, POUR VOTRE PRESENCE ! VIVE LE TIR, VIVE L&rsquo;AVANT-GARDE !!! Comme vous pouvez le lire en titre, notre ch\u00e8re Avant-Garde f\u00eate ses 125 ans cette ann\u00e9e ! Quel joie d&rsquo;\u00eatre toujours pr\u00e9sents apr\u00e8s 125 ans !! La soci\u00e9t\u00e9 organise une journ\u00e9e toute sp\u00e9ciale pour cette occasion ! Une journ\u00e9e &hellip; <\/p>\n<p class=\"link-more\"><a href=\"https:\/\/lavantgarde.ch\/?page_id=245\" class=\"more-link\">Continuer la lecture<span class=\"screen-reader-text\"> de &laquo;&nbsp;125\u00e8me anniversaire de L&rsquo;Avant-Garde&nbsp;&raquo;<\/span><\/a><\/p>\n","protected":false},"author":1,"featured_media":0,"parent":0,"menu_order":0,"comment_status":"closed","ping_status":"closed","template":"","meta":{"footnotes":""},"class_list":["post-245","page","type-page","status-publish","hentry"],"_links":{"self":[{"href":"https:\/\/lavantgarde.ch\/index.php?rest_route=\/wp\/v2\/pages\/245","targetHints":{"allow":["GET"]}}],"collection":[{"href":"https:\/\/lavantgarde.ch\/index.php?rest_route=\/wp\/v2\/pages"}],"about":[{"href":"https:\/\/lavantgarde.ch\/index.php?rest_route=\/wp\/v2\/types\/page"}],"author":[{"embeddable":true,"href":"https:\/\/lavantgarde.ch\/index.php?rest_route=\/wp\/v2\/users\/1"}],"replies":[{"embeddable":true,"href":"https:\/\/lavantgarde.ch\/index.php?rest_route=%2Fwp%2Fv2%2Fcomments&post=245"}],"version-history":[{"count":10,"href":"https:\/\/lavantgarde.ch\/index.php?rest_route=\/wp\/v2\/pages\/245\/revisions"}],"predecessor-version":[{"id":267,"href":"https:\/\/lavantgarde.ch\/index.php?rest_route=\/wp\/v2\/pages\/245\/revisions\/267"}],"wp:attachment":[{"href":"https:\/\/lavantgarde.ch\/index.php?rest_route=%2Fwp%2Fv2%2Fmedia&parent=245"}],"curies":[{"name":"wp","href":"https:\/\/api.w.org\/{rel}","templated":true}]}}

125ème anniversaire de L&rsquo;Avant-Garde

<p class="has-text-align-center has-vivid-red-color has-text-color has-link-color has-medium-font-size wp-elements-574f6cae1e390779d2b4d7763b6b4873 wp-block-paragraph"><strong>MERCI A TOUS POUR VOTRE PARTICIPATION, POUR VOTRE PRESENCE ! VIVE LE TIR, VIVE L&rsquo;AVANT-GARDE !!! </strong></p>



<p class="wp-block-paragraph">Comme vous pouvez le lire en titre, notre chère Avant-Garde fête ses 125 ans cette année ! Quel joie d&rsquo;être toujours présents après 125 ans !! </p>



<p class="wp-block-paragraph">La société organise une journée toute spéciale pour cette occasion ! Une journée qui se veut familiale. Ouvert à tous, les membres de la société vous accueilleront avec le sourire dans notre beau stand de tir !</p>



<p class="wp-block-paragraph">Des activités seront prévues pour les petits. Les grands, quant à eux, pourront s&rsquo;essayer au tir, accompagné et aidé par nos experts ! </p>



<p class="wp-block-paragraph">Pour toute information, les membres de la société restent à votre disposition ! </p>



<figure class="wp-block-image size-large"><img loading="lazy" decoding="async" width="724" height="1024" src="https://lavantgarde.ch/wp-content/uploads/2024/04/125eme-Avant-Garde-2-724x1024.jpg" alt="" class="wp-image-258" srcset="https://lavantgarde.ch/wp-content/uploads/2024/04/125eme-Avant-Garde-2-724x1024.jpg 724w, https://lavantgarde.ch/wp-content/uploads/2024/04/125eme-Avant-Garde-2-212x300.jpg 212w, https://lavantgarde.ch/wp-content/uploads/2024/04/125eme-Avant-Garde-2-768x1086.jpg 768w, https://lavantgarde.ch/wp-content/uploads/2024/04/125eme-Avant-Garde-2-1086x1536.jpg 1086w, https://lavantgarde.ch/wp-content/uploads/2024/04/125eme-Avant-Garde-2.jpg 1131w" sizes="auto, (max-width: 724px) 100vw, 724px" /></figure>



<p class="has-text-align-center has-vivid-red-color has-text-color has-link-color has-large-font-size wp-elements-7c53b78247adbea44b680c907e4d928f wp-block-paragraph"><a href="https://lavantgarde.ch/wp-content/uploads/2024/04/125eme-de-lAvant-Garde.pdf" data-type="attachment" data-id="249">Vous pouvez télécharger le flyer ici</a></p>

<p>MERCI A TOUS POUR VOTRE PARTICIPATION, POUR VOTRE PRESENCE ! VIVE LE TIR, VIVE L&rsquo;AVANT-GARDE !!! Comme vous pouvez le lire en titre, notre chère Avant-Garde fête ses 125 ans cette année ! Quel joie d&rsquo;être toujours présents après 125 ans !! La société organise une journée toute spéciale pour cette occasion ! Une journée &hellip; </p>
<p class="link-more"><a href="https://lavantgarde.ch/?page_id=245" class="more-link">Continuer la lecture<span class="screen-reader-text"> de &laquo;&nbsp;125ème anniversaire de L&rsquo;Avant-Garde&nbsp;&raquo;</span></a></p>
