{"id":32,"date":"2019-03-22T09:44:39","date_gmt":"2019-03-22T09:44:39","guid":{"rendered":"http:\/\/lavantgarde.ch\/?page_id=32"},"modified":"2023-07-16T17:36:59","modified_gmt":"2023-07-16T17:36:59","slug":"le-comite","status":"publish","type":"page","link":"https:\/\/lavantgarde.ch\/?page_id=32","title":{"rendered":"Le comit\u00e9"},"content":{"rendered":"\n<p class=\"has-text-align-center wp-block-paragraph\">Le comit\u00e9 de 9 personnes se pr\u00e9sente comme tel : <\/p>\n\n\n\n<p class=\"has-text-align-center wp-block-paragraph\">Pr\u00e9sident<br>Joye Nicolas<\/p>\n\n\n\n<p class=\"has-text-align-center wp-block-paragraph\">Vice- Pr\u00e9sident<br>Gonzalez Jos\u00e9-Maria<\/p>\n\n\n\n<p class=\"has-text-align-center wp-block-paragraph\">Secr\u00e9taire verbaux &amp; convocations <br>Macherel Christelle<\/p>\n\n\n\n<p class=\"has-text-align-center wp-block-paragraph\">Caissi\u00e8re<br>Floriane Burri<\/p>\n\n\n\n<p class=\"has-text-align-center wp-block-paragraph\">Chef de stand<br>Monnet Didier<\/p>\n\n\n\n<p class=\"has-text-align-center wp-block-paragraph\">Responsable des tirs militaires <br>Br\u00fcgger Yoann<\/p>\n\n\n\n<p class=\"has-text-align-center wp-block-paragraph\">Responsable des tirs libres 25m \/ 50m.<br>Grandjean Martial<\/p>\n\n\n\n<p class=\"has-text-align-center wp-block-paragraph\">Assesseur <br>Schlaeppi Dave<\/p>\n\n\n\n<p class=\"has-text-align-center wp-block-paragraph\">Assesseur<br>Franel Pierre-Andr\u00e9     <\/p>\n\n\n\n<p class=\"has-text-align-center wp-block-paragraph\"><br><strong>Les v\u00e9rificateurs de compte<\/strong>s<\/p>\n\n\n\n<p class=\"has-text-align-center wp-block-paragraph\">1er v\u00e9rificateur <br>Eric Barbezat<\/p>\n\n\n\n<p class=\"has-text-align-center wp-block-paragraph\">2\u00e8me V\u00e9rificateur <br>Roger Augsburger<\/p>\n\n\n\n<p class=\"has-text-align-center wp-block-paragraph\">1er suppl\u00e9ant <br>Bertrand Kilchoer<\/p>\n\n\n\n<p class=\"has-text-align-center wp-block-paragraph\">2\u00e8me suppl\u00e9ant<br>St\u00e9phane Leuba<\/p>\n\n\n\n<figure class=\"wp-block-table\"><table><tbody><tr><td>&nbsp;<\/td><td><\/td><\/tr><\/tbody><\/table><\/figure>\n\n\n\n<p class=\"wp-block-paragraph\"><\/p>\n","protected":false},"excerpt":{"rendered":"<p>Le comit\u00e9 de 9 personnes se pr\u00e9sente comme tel : Pr\u00e9sidentJoye Nicolas Vice- Pr\u00e9sidentGonzalez Jos\u00e9-Maria Secr\u00e9taire verbaux &amp; convocations Macherel Christelle Caissi\u00e8reFloriane Burri Chef de standMonnet Didier Responsable des tirs militaires Br\u00fcgger Yoann Responsable des tirs libres 25m \/ 50m.Grandjean Martial Assesseur Schlaeppi Dave AssesseurFranel Pierre-Andr\u00e9 Les v\u00e9rificateurs de comptes 1er v\u00e9rificateur Eric Barbezat 2\u00e8me &hellip; <\/p>\n<p class=\"link-more\"><a href=\"https:\/\/lavantgarde.ch\/?page_id=32\" class=\"more-link\">Continuer la lecture<span class=\"screen-reader-text\"> de &laquo;&nbsp;Le comit\u00e9&nbsp;&raquo;<\/span><\/a><\/p>\n","protected":false},"author":1,"featured_media":0,"parent":0,"menu_order":0,"comment_status":"closed","ping_status":"closed","template":"","meta":{"footnotes":""},"class_list":["post-32","page","type-page","status-publish","hentry"],"_links":{"self":[{"href":"https:\/\/lavantgarde.ch\/index.php?rest_route=\/wp\/v2\/pages\/32","targetHints":{"allow":["GET"]}}],"collection":[{"href":"https:\/\/lavantgarde.ch\/index.php?rest_route=\/wp\/v2\/pages"}],"about":[{"href":"https:\/\/lavantgarde.ch\/index.php?rest_route=\/wp\/v2\/types\/page"}],"author":[{"embeddable":true,"href":"https:\/\/lavantgarde.ch\/index.php?rest_route=\/wp\/v2\/users\/1"}],"replies":[{"embeddable":true,"href":"https:\/\/lavantgarde.ch\/index.php?rest_route=%2Fwp%2Fv2%2Fcomments&post=32"}],"version-history":[{"count":4,"href":"https:\/\/lavantgarde.ch\/index.php?rest_route=\/wp\/v2\/pages\/32\/revisions"}],"predecessor-version":[{"id":230,"href":"https:\/\/lavantgarde.ch\/index.php?rest_route=\/wp\/v2\/pages\/32\/revisions\/230"}],"wp:attachment":[{"href":"https:\/\/lavantgarde.ch\/index.php?rest_route=%2Fwp%2Fv2%2Fmedia&parent=32"}],"curies":[{"name":"wp","href":"https:\/\/api.w.org\/{rel}","templated":true}]}}

Le comité

<p class="has-text-align-center wp-block-paragraph">Le comité de 9 personnes se présente comme tel : </p>



<p class="has-text-align-center wp-block-paragraph">Président<br>Joye Nicolas</p>



<p class="has-text-align-center wp-block-paragraph">Vice- Président<br>Gonzalez José-Maria</p>



<p class="has-text-align-center wp-block-paragraph">Secrétaire verbaux &amp; convocations <br>Macherel Christelle</p>



<p class="has-text-align-center wp-block-paragraph">Caissière<br>Floriane Burri</p>



<p class="has-text-align-center wp-block-paragraph">Chef de stand<br>Monnet Didier</p>



<p class="has-text-align-center wp-block-paragraph">Responsable des tirs militaires <br>Brügger Yoann</p>



<p class="has-text-align-center wp-block-paragraph">Responsable des tirs libres 25m / 50m.<br>Grandjean Martial</p>



<p class="has-text-align-center wp-block-paragraph">Assesseur <br>Schlaeppi Dave</p>



<p class="has-text-align-center wp-block-paragraph">Assesseur<br>Franel Pierre-André     </p>



<p class="has-text-align-center wp-block-paragraph"><br><strong>Les vérificateurs de compte</strong>s</p>



<p class="has-text-align-center wp-block-paragraph">1er vérificateur <br>Eric Barbezat</p>



<p class="has-text-align-center wp-block-paragraph">2ème Vérificateur <br>Roger Augsburger</p>



<p class="has-text-align-center wp-block-paragraph">1er suppléant <br>Bertrand Kilchoer</p>



<p class="has-text-align-center wp-block-paragraph">2ème suppléant<br>Stéphane Leuba</p>



<figure class="wp-block-table"><table><tbody><tr><td>&nbsp;</td><td></td></tr></tbody></table></figure>



<p class="wp-block-paragraph"></p>

<p>Le comité de 9 personnes se présente comme tel : PrésidentJoye Nicolas Vice- PrésidentGonzalez José-Maria Secrétaire verbaux &amp; convocations Macherel Christelle CaissièreFloriane Burri Chef de standMonnet Didier Responsable des tirs militaires Brügger Yoann Responsable des tirs libres 25m / 50m.Grandjean Martial Assesseur Schlaeppi Dave AssesseurFranel Pierre-André Les vérificateurs de comptes 1er vérificateur Eric Barbezat 2ème &hellip; </p>
<p class="link-more"><a href="https://lavantgarde.ch/?page_id=32" class="more-link">Continuer la lecture<span class="screen-reader-text"> de &laquo;&nbsp;Le comité&nbsp;&raquo;</span></a></p>
