{"id":94,"date":"2019-03-22T19:54:15","date_gmt":"2019-03-22T19:54:15","guid":{"rendered":"http:\/\/lavantgarde.ch\/?page_id=94"},"modified":"2026-08-08T14:05:53","modified_gmt":"2026-08-08T14:05:53","slug":"val-dareuse","status":"publish","type":"page","link":"https:\/\/lavantgarde.ch\/?page_id=94","title":{"rendered":"Val-d&rsquo;Areuse"},"content":{"rendered":"\n<h4 class=\"wp-block-heading has-text-align-center\">Tir du Val-d&rsquo;Areuse<\/h4>\n\n\n\n<p class=\"has-text-align-center wp-block-paragraph\">La 33\u00e8me \u00e9dition aura lieue les 14 et 15 ao\u00fbt 2026. <\/p>\n\n\n\n<p class=\"has-text-align-center wp-block-paragraph\">La plaquette du Tir du Val-d&rsquo;Areuse peut se t\u00e9l\u00e9charger <a href=\"https:\/\/lavantgarde.ch\/wp-content\/uploads\/2026\/08\/Plaquette-de-tir-Val-dareuse-2026_Petite-1.pdf\">ICI<\/a><\/p>\n\n\n\n<p class=\"wp-block-paragraph\"><\/p>\n\n\n\n<p class=\"has-text-align-center wp-block-paragraph\">Si vous souhaitez vous inscrire, le formulaire est <a href=\"https:\/\/lavantgarde.ch\/wp-content\/uploads\/2026\/08\/Formulaire-dinscription-2026-1.docx\">ICI<\/a><\/p>\n\n\n\n<p class=\"has-text-align-center wp-block-paragraph\">Toutes les informations se trouvent sur le formulaire. En cas de questions, n&rsquo;h\u00e9sitez pas \u00e0 nous contacter via le <a href=\"https:\/\/lavantgarde.ch\/?page_id=128\" data-type=\"page\" data-id=\"128\">formulaire de contact<\/a><\/p>\n\n\n\n<p class=\"wp-block-paragraph\"><\/p>\n\n\n\n<p class=\"has-text-align-center wp-block-paragraph\">Le palmar\u00e8s 2025 sera bient\u00f4t en ligne. <br>Le palmar\u00e8s du tir de 2024 se trouve par l\u00e0 : <a href=\"https:\/\/lavantgarde.ch\/?page_id=143\" data-type=\"page\" data-id=\"143\">Dernier palmar\u00e8s du Val-d&rsquo;Areuse<\/a><br><br>Vous trouverez le palmar\u00e8s des tirs 2023 et ceux des pr\u00e9c\u00e9dentes ann\u00e9es sous : <br> <a href=\"https:\/\/lavantgarde.ch\/?page_id=99\" data-type=\"page\" data-id=\"99\">\u00ab\u00a0Palmares Val d&rsquo;Areuse pr\u00e9c.\u00a0\u00bb<\/a><\/p>\n\n\n\n<p class=\"has-text-align-center wp-block-paragraph\"><strong>Au plaisir de vous voir nombreux lors de notre traditionnel tir du Val-d&rsquo;Areuse ! <\/strong><\/p>\n\n\n\n<p class=\"wp-block-paragraph\"><\/p>\n","protected":false},"excerpt":{"rendered":"<p>Tir du Val-d&rsquo;Areuse La 33\u00e8me \u00e9dition aura lieue les 14 et 15 ao\u00fbt 2026. La plaquette du Tir du Val-d&rsquo;Areuse peut se t\u00e9l\u00e9charger ICI Si vous souhaitez vous inscrire, le formulaire est ICI Toutes les informations se trouvent sur le formulaire. En cas de questions, n&rsquo;h\u00e9sitez pas \u00e0 nous contacter via le formulaire de contact &hellip; <\/p>\n<p class=\"link-more\"><a href=\"https:\/\/lavantgarde.ch\/?page_id=94\" class=\"more-link\">Continuer la lecture<span class=\"screen-reader-text\"> de &laquo;&nbsp;Val-d&rsquo;Areuse&nbsp;&raquo;<\/span><\/a><\/p>\n","protected":false},"author":1,"featured_media":0,"parent":0,"menu_order":0,"comment_status":"closed","ping_status":"closed","template":"","meta":{"footnotes":""},"class_list":["post-94","page","type-page","status-publish","hentry"],"_links":{"self":[{"href":"https:\/\/lavantgarde.ch\/index.php?rest_route=\/wp\/v2\/pages\/94","targetHints":{"allow":["GET"]}}],"collection":[{"href":"https:\/\/lavantgarde.ch\/index.php?rest_route=\/wp\/v2\/pages"}],"about":[{"href":"https:\/\/lavantgarde.ch\/index.php?rest_route=\/wp\/v2\/types\/page"}],"author":[{"embeddable":true,"href":"https:\/\/lavantgarde.ch\/index.php?rest_route=\/wp\/v2\/users\/1"}],"replies":[{"embeddable":true,"href":"https:\/\/lavantgarde.ch\/index.php?rest_route=%2Fwp%2Fv2%2Fcomments&post=94"}],"version-history":[{"count":30,"href":"https:\/\/lavantgarde.ch\/index.php?rest_route=\/wp\/v2\/pages\/94\/revisions"}],"predecessor-version":[{"id":342,"href":"https:\/\/lavantgarde.ch\/index.php?rest_route=\/wp\/v2\/pages\/94\/revisions\/342"}],"wp:attachment":[{"href":"https:\/\/lavantgarde.ch\/index.php?rest_route=%2Fwp%2Fv2%2Fmedia&parent=94"}],"curies":[{"name":"wp","href":"https:\/\/api.w.org\/{rel}","templated":true}]}}

<h4 class="wp-block-heading has-text-align-center">Tir du Val-d&rsquo;Areuse</h4>



<p class="has-text-align-center wp-block-paragraph">La 33ème édition aura lieue les 14 et 15 août 2026. </p>



<p class="has-text-align-center wp-block-paragraph">La plaquette du Tir du Val-d&rsquo;Areuse peut se télécharger <a href="https://lavantgarde.ch/wp-content/uploads/2026/08/Plaquette-de-tir-Val-dareuse-2026_Petite-1.pdf">ICI</a></p>



<p class="wp-block-paragraph"></p>



<p class="has-text-align-center wp-block-paragraph">Si vous souhaitez vous inscrire, le formulaire est <a href="https://lavantgarde.ch/wp-content/uploads/2026/08/Formulaire-dinscription-2026-1.docx">ICI</a></p>



<p class="has-text-align-center wp-block-paragraph">Toutes les informations se trouvent sur le formulaire. En cas de questions, n&rsquo;hésitez pas à nous contacter via le <a href="https://lavantgarde.ch/?page_id=128" data-type="page" data-id="128">formulaire de contact</a></p>



<p class="wp-block-paragraph"></p>



<p class="has-text-align-center wp-block-paragraph">Le palmarès 2025 sera bientôt en ligne. <br>Le palmarès du tir de 2024 se trouve par là : <a href="https://lavantgarde.ch/?page_id=143" data-type="page" data-id="143">Dernier palmarès du Val-d&rsquo;Areuse</a><br><br>Vous trouverez le palmarès des tirs 2023 et ceux des précédentes années sous : <br> <a href="https://lavantgarde.ch/?page_id=99" data-type="page" data-id="99">« Palmares Val d&rsquo;Areuse préc. »</a></p>



<p class="has-text-align-center wp-block-paragraph"><strong>Au plaisir de vous voir nombreux lors de notre traditionnel tir du Val-d&rsquo;Areuse ! </strong></p>



<p class="wp-block-paragraph"></p>

<p>Tir du Val-d&rsquo;Areuse La 33ème édition aura lieue les 14 et 15 août 2026. La plaquette du Tir du Val-d&rsquo;Areuse peut se télécharger ICI Si vous souhaitez vous inscrire, le formulaire est ICI Toutes les informations se trouvent sur le formulaire. En cas de questions, n&rsquo;hésitez pas à nous contacter via le formulaire de contact &hellip; </p>
<p class="link-more"><a href="https://lavantgarde.ch/?page_id=94" class="more-link">Continuer la lecture<span class="screen-reader-text"> de &laquo;&nbsp;Val-d&rsquo;Areuse&nbsp;&raquo;</span></a></p>
