{"id":99,"date":"2019-10-09T15:19:10","date_gmt":"2019-10-09T15:19:10","guid":{"rendered":"http:\/\/lavantgarde.ch\/?page_id=99"},"modified":"2025-04-29T17:02:00","modified_gmt":"2025-04-29T17:02:00","slug":"palmares-val-dareuse-prec","status":"publish","type":"page","link":"https:\/\/lavantgarde.ch\/?page_id=99","title":{"rendered":"Palmar\u00e8s Val-d&rsquo;Areuse pr\u00e9c."},"content":{"rendered":"\n<p class=\"wp-block-paragraph\"><\/p>\n\n\n\n<p class=\"has-text-align-center wp-block-paragraph\">Tir du Val d&rsquo;Areuse 2023, les 11 et 12 ao\u00fbt 2023<br><br>Palmar\u00e8s : <a href=\"https:\/\/lavantgarde.ch\/wp-content\/uploads\/2024\/03\/Palmares-Val-dAreuse-2023.pdf\" data-type=\"attachment\" data-id=\"236\">T\u00e9l\u00e9charger ici<\/a><\/p>\n\n\n\n<p class=\"has-text-align-center wp-block-paragraph\">Tir du Val d&rsquo;Areuse 2022,  les 12 et 13 ao\u00fbt 2022<br><br> Palmar\u00e8s :  T<a href=\"https:\/\/lavantgarde.ch\/wp-content\/uploads\/2022\/12\/Palmares-tir-du-Val-dAreuse-2022.pdf\" data-type=\"attachment\" data-id=\"202\">\u00e9l\u00e9charger ici <\/a><\/p>\n\n\n\n<p class=\"has-text-align-center wp-block-paragraph\">Tir du Val d&rsquo;Areuse 2019,  les 13 et 14 ao\u00fbt 2019<br><br> Palmar\u00e8s :  T<a href=\"https:\/\/lavantgarde.ch\/wp-content\/uploads\/2019\/10\/Palmar\u00e8s-Val-Areuse-2019.pdf\">\u00e9l\u00e9charger ici <\/a><br><br>Tir du Val d&rsquo;Areuse 2016, les 1er et 2 juillet 2016<br><br> Palmar\u00e8s :  T<a href=\"https:\/\/lavantgarde.ch\/wp-content\/uploads\/2019\/03\/palmares_resultats_val_areuse_2016.pdf\">\u00e9l\u00e9charger ici <\/a><\/p>\n\n\n\n<p class=\"has-text-align-center wp-block-paragraph\">Tir du Val d&rsquo;Areuse 2015, les 3 et 4 juillet 2015<br><br>Palmar\u00e8s :  T<a href=\"file:\/\/\/C:\/Data\/Sites%20Internet\/L'Avant-Garde\/base_du_site\/calendrier_manifestations\/palmares_resultats_val_areuse_2016.pdf\">\u00e9l\u00e9charger ici <\/a><\/p>\n\n\n\n<p class=\"has-text-align-center wp-block-paragraph\"> Tir du Val d&rsquo;Areuse 2012, les 10 et 11 ao\u00fbt 2012<br><br>Palmar\u00e8s :  T<a href=\"file:\/\/\/C:\/Data\/Sites%20Internet\/L'Avant-Garde\/base_du_site\/calendrier_manifestations\/palmares_resultats_val_areuse_2016.pdf\">\u00e9l\u00e9charger ici <\/a><\/p>\n\n\n\n<p class=\"has-text-align-center wp-block-paragraph\">Tir du Val d&rsquo;Areuse 2011, les 19 et 20 ao\u00fbt 2011<br><br>Palmar\u00e8s :  T<a href=\"file:\/\/\/C:\/Data\/Sites%20Internet\/L'Avant-Garde\/base_du_site\/calendrier_manifestations\/palmares_resultats_val_areuse_2016.pdf\">\u00e9l\u00e9charger ici <\/a><\/p>\n\n\n\n<p class=\"has-text-align-center wp-block-paragraph\">Tir du Val d&rsquo;Areuse 2010, les 13 et 14 ao\u00fbt 2010<br><br>Palmar\u00e8s :  T<a href=\"file:\/\/\/C:\/Data\/Sites%20Internet\/L'Avant-Garde\/base_du_site\/calendrier_manifestations\/palmares_resultats_val_areuse_2016.pdf\">\u00e9l\u00e9charger ici <\/a><\/p>\n\n\n\n<p class=\"has-text-align-center wp-block-paragraph\">Tir du Val d&rsquo;Areuse 2009, les 14 et 15 ao\u00fbt 2009<br><br>Palmar\u00e8s :  T<a href=\"file:\/\/\/C:\/Data\/Sites%20Internet\/L'Avant-Garde\/base_du_site\/calendrier_manifestations\/palmares_resultats_val_areuse_2016.pdf\">\u00e9l\u00e9charger ici <\/a><\/p>\n\n\n\n<p class=\"wp-block-paragraph\"><\/p>\n","protected":false},"excerpt":{"rendered":"<p>Tir du Val d&rsquo;Areuse 2023, les 11 et 12 ao\u00fbt 2023 Palmar\u00e8s : T\u00e9l\u00e9charger ici Tir du Val d&rsquo;Areuse 2022, les 12 et 13 ao\u00fbt 2022 Palmar\u00e8s : T\u00e9l\u00e9charger ici Tir du Val d&rsquo;Areuse 2019, les 13 et 14 ao\u00fbt 2019 Palmar\u00e8s : T\u00e9l\u00e9charger ici Tir du Val d&rsquo;Areuse 2016, les 1er et 2 juillet &hellip; <\/p>\n<p class=\"link-more\"><a href=\"https:\/\/lavantgarde.ch\/?page_id=99\" class=\"more-link\">Continuer la lecture<span class=\"screen-reader-text\"> de &laquo;&nbsp;Palmar\u00e8s Val-d&rsquo;Areuse pr\u00e9c.&nbsp;&raquo;<\/span><\/a><\/p>\n","protected":false},"author":1,"featured_media":0,"parent":0,"menu_order":0,"comment_status":"closed","ping_status":"closed","template":"","meta":{"footnotes":""},"class_list":["post-99","page","type-page","status-publish","hentry"],"_links":{"self":[{"href":"https:\/\/lavantgarde.ch\/index.php?rest_route=\/wp\/v2\/pages\/99","targetHints":{"allow":["GET"]}}],"collection":[{"href":"https:\/\/lavantgarde.ch\/index.php?rest_route=\/wp\/v2\/pages"}],"about":[{"href":"https:\/\/lavantgarde.ch\/index.php?rest_route=\/wp\/v2\/types\/page"}],"author":[{"embeddable":true,"href":"https:\/\/lavantgarde.ch\/index.php?rest_route=\/wp\/v2\/users\/1"}],"replies":[{"embeddable":true,"href":"https:\/\/lavantgarde.ch\/index.php?rest_route=%2Fwp%2Fv2%2Fcomments&post=99"}],"version-history":[{"count":7,"href":"https:\/\/lavantgarde.ch\/index.php?rest_route=\/wp\/v2\/pages\/99\/revisions"}],"predecessor-version":[{"id":308,"href":"https:\/\/lavantgarde.ch\/index.php?rest_route=\/wp\/v2\/pages\/99\/revisions\/308"}],"wp:attachment":[{"href":"https:\/\/lavantgarde.ch\/index.php?rest_route=%2Fwp%2Fv2%2Fmedia&parent=99"}],"curies":[{"name":"wp","href":"https:\/\/api.w.org\/{rel}","templated":true}]}}

Palmarès Val-d&rsquo;Areuse préc.

<p class="wp-block-paragraph"></p>



<p class="has-text-align-center wp-block-paragraph">Tir du Val d&rsquo;Areuse 2023, les 11 et 12 août 2023<br><br>Palmarès : <a href="https://lavantgarde.ch/wp-content/uploads/2024/03/Palmares-Val-dAreuse-2023.pdf" data-type="attachment" data-id="236">Télécharger ici</a></p>



<p class="has-text-align-center wp-block-paragraph">Tir du Val d&rsquo;Areuse 2022,  les 12 et 13 août 2022<br><br> Palmarès :  T<a href="https://lavantgarde.ch/wp-content/uploads/2022/12/Palmares-tir-du-Val-dAreuse-2022.pdf" data-type="attachment" data-id="202">élécharger ici </a></p>



<p class="has-text-align-center wp-block-paragraph">Tir du Val d&rsquo;Areuse 2019,  les 13 et 14 août 2019<br><br> Palmarès :  T<a href="https://lavantgarde.ch/wp-content/uploads/2019/10/Palmarès-Val-Areuse-2019.pdf">élécharger ici </a><br><br>Tir du Val d&rsquo;Areuse 2016, les 1er et 2 juillet 2016<br><br> Palmarès :  T<a href="https://lavantgarde.ch/wp-content/uploads/2019/03/palmares_resultats_val_areuse_2016.pdf">élécharger ici </a></p>



<p class="has-text-align-center wp-block-paragraph">Tir du Val d&rsquo;Areuse 2015, les 3 et 4 juillet 2015<br><br>Palmarès :  T<a href="file:///C:/Data/Sites%20Internet/L'Avant-Garde/base_du_site/calendrier_manifestations/palmares_resultats_val_areuse_2016.pdf">élécharger ici </a></p>



<p class="has-text-align-center wp-block-paragraph"> Tir du Val d&rsquo;Areuse 2012, les 10 et 11 août 2012<br><br>Palmarès :  T<a href="file:///C:/Data/Sites%20Internet/L'Avant-Garde/base_du_site/calendrier_manifestations/palmares_resultats_val_areuse_2016.pdf">élécharger ici </a></p>



<p class="has-text-align-center wp-block-paragraph">Tir du Val d&rsquo;Areuse 2011, les 19 et 20 août 2011<br><br>Palmarès :  T<a href="file:///C:/Data/Sites%20Internet/L'Avant-Garde/base_du_site/calendrier_manifestations/palmares_resultats_val_areuse_2016.pdf">élécharger ici </a></p>



<p class="has-text-align-center wp-block-paragraph">Tir du Val d&rsquo;Areuse 2010, les 13 et 14 août 2010<br><br>Palmarès :  T<a href="file:///C:/Data/Sites%20Internet/L'Avant-Garde/base_du_site/calendrier_manifestations/palmares_resultats_val_areuse_2016.pdf">élécharger ici </a></p>



<p class="has-text-align-center wp-block-paragraph">Tir du Val d&rsquo;Areuse 2009, les 14 et 15 août 2009<br><br>Palmarès :  T<a href="file:///C:/Data/Sites%20Internet/L'Avant-Garde/base_du_site/calendrier_manifestations/palmares_resultats_val_areuse_2016.pdf">élécharger ici </a></p>



<p class="wp-block-paragraph"></p>

<p>Tir du Val d&rsquo;Areuse 2023, les 11 et 12 août 2023 Palmarès : Télécharger ici Tir du Val d&rsquo;Areuse 2022, les 12 et 13 août 2022 Palmarès : Télécharger ici Tir du Val d&rsquo;Areuse 2019, les 13 et 14 août 2019 Palmarès : Télécharger ici Tir du Val d&rsquo;Areuse 2016, les 1er et 2 juillet &hellip; </p>
<p class="link-more"><a href="https://lavantgarde.ch/?page_id=99" class="more-link">Continuer la lecture<span class="screen-reader-text"> de &laquo;&nbsp;Palmarès Val-d&rsquo;Areuse préc.&nbsp;&raquo;</span></a></p>
